 5*d. What is the remainder when 53 is divided by d?
9
Let h be -3*1 - (0 - 6). Calculate the remainder when (77/2)/(h/6) is divided by 26.
25
Suppose 4*u - 56 = -4*y, -5*y + 79 = -2*u - 2*u. What is the remainder when y is divided by 6?
3
Suppose -5*x = -2 - 3. Let s = -4 - -9. Calculate the remainder when 22 is divided by x/s*8*5.
6
Let n(p) = p**2 + 3*p + 3. What is the remainder when n(-5) is divided by -3*(-4)/6 + 3?
3
Let c(t) = -t**3 - 7*t**2 - 8*t - 6. Let r be c(-5). Let x = 1 - r. Let k(s) = 2*s**2 + s - 1. What is the remainder when x is divided by k(2)?
8
Suppose -q = -8*q + 735. What is the remainder when (q/(-6) - -2)*-4 is divided by 21?
20
Let w = -2 + 0. Let c = 5 + w. Suppose c*j + 3*f - 35 = 2*j, -2*j + 76 = 3*f. Calculate the remainder when j is divided by 14.
13
Suppose 32 = 4*d - 0. What is the remainder when 39 is divided by d?
7
Let c(p) = -2*p + 2. Let i be c(4). Suppose 6 = h - 3. Calculate the remainder when (-6)/h*i/4 is divided by 1.
0
Let c(o) = -4*o**2 - 17*o + 6. What is the remainder when 169 is divided by c(-4)?
9
Calculate the remainder when 10/(-35) - (-2190)/21 is divided by 32.
8
Let m(r) = -2*r - 2. Let q be m(-4). Suppose o - q*o + 45 = 0. Calculate the remainder when 35 is divided by o.
8
Let n be 0 - 11 - -4 - 0. Let k(f) = -f**3 - 7*f**2 - 4*f - 17. What is the remainder when 20 is divided by k(n)?
9
Let w = -9 - -34. Suppose -2*g + 11 = -3*g + 5*t, 5*t = 20. Suppose -4*d = -g*d + 65. Calculate the remainder when w is divided by d.
12
Suppose -t + 5 + 8 = 0. Suppose 3*h - 40 = -2*s - 0*s, -4*h = 4*s - 48. Suppose t = f - h. What is the remainder when f is divided by 10?
9
Let g be 2 - (-1 - -2 - 3). Let h(c) = -c**2 + 4*c + 4. What is the remainder when 15 is divided by h(g)?
3
Let m(n) = n**2 + 3*n - 2. Let l be m(-5). Let y = l + -1. What is the remainder when y is divided by 4?
3
Let q(w) = -w**3 - 4*w**2 - w - 4. Suppose -3*a + 8*a + 20 = 0. Let x be q(a). Suppose 6*h - 2*h - 16 = x. Calculate the remainder when 11 is divided by h.
3
Suppose 4*r = -0*r + 40. Suppose -y + 0*y = -3*k - 23, -2*k - 14 = -2*y. Let f = k - -27. Calculate the remainder when f is divided by r.
9
Let w(u) = 6*u + 1. Let a be 1*(-1 - -16)/(-3). What is the remainder when w(2) is divided by 3/(3 - (-12)/a)?
3
Suppose 5*u = 4*c + 4 + 1, 4*u = -3*c + 4. Suppose u = 2*d - p - 7, 4*d + 3*p - 36 = 0. What is the remainder when 16 is divided by d?
4
Let x(h) = -2*h**3 - 11*h**2 - 9*h + 3. What is the remainder when 67 is divided by x(-5)?
21
Suppose 8*j - 2*j = 588. Calculate the remainder when j is divided by 34.
30
Let w be (-1)/4*5*-4. Let l = 9 - w. Suppose 6 = -2*j, 4*v - l*j = 6 + 26. Calculate the remainder when v is divided by 2.
1
Let s = 133 - 114. What is the remainder when 28 is divided by s?
9
Let n(v) = v**3 + 2*v + 17. Calculate the remainder when 84 is divided by n(0).
16
Suppose -4*n + 3*n = -10. Calculate the remainder when 26 is divided by n.
6
Suppose 4*t - i = 132, -5*t + 65 = 2*i - 100. What is the remainder when 129 is divided by t?
30
Let d(x) = x**2 + 11*x + 9. Let v be d(-9). Let j(o) = -o**2 - 13*o + 2. What is the remainder when j(v) is divided by 13?
12
Let v(g) = -14*g - 26. What is the remainder when 46 is divided by v(-3)?
14
Let z(d) = d**2 + 2*d + 2. Let o = 16 + -9. Suppose -o = -4*g - 5*v, -5*v + v - 13 = -3*g. Calculate the remainder when z(g) is divided by 10.
7
Let v(j) = -2*j**2 + 2*j + 2. Let z be v(-3). Let t = 37 + z. Calculate the remainder when 42 is divided by t.
12
Suppose -392 = -2*a - 0*a. Suppose -2*x + a = 2*x. What is the remainder when x is divided by 17?
15
Let f = 168 + -145. Suppose -v + 10 = 3*k + k, -3*k - 21 = -4*v. What is the remainder when f is divided by v?
5
Suppose 16 - 185 = -5*l + 4*j, -3*j + 129 = 4*l. Suppose -2*o + 22 = q + q, -o + l = 3*q. Calculate the remainder when 40 is divided by q.
7
Suppose -6*m + m + 3*y = -110, -3*m + 67 = -2*y. Let d = 35 - m. Calculate the remainder when d is divided by 6.
4
Suppose -3*n = -2*s - 8 - 2, 0 = -5*s - 4*n + 21. Calculate the remainder when (-2 + 0)/(s/(-7)) is divided by 4.
2
Suppose 2*l - 2 = -0. Suppose -25 = -r + 4*o, o + l = -3. Suppose -f + r = -1. Calculate the remainder when f is divided by 6.
4
Suppose 0 = -4*r + 2*l + 2*l, 0 = 5*r - 2*l - 3. Suppose 7 = j - 0. What is the remainder when r + 10 + (4 - 2) is divided by j?
6
Suppose -q + 78 - 19 = 0. Let t = -20 + q. Calculate the remainder when t is divided by 10.
9
Let j(n) = -n**3 + 7*n**2 + 12*n - 12. Calculate the remainder when (87/2)/(9/12) is divided by j(8).
18
Let l be 16/(-6)*9/(-4). Suppose 5*z + 6 = 3*i + 16, -3*z + 6 = -3*i. Suppose l - 14 = -z*y. What is the remainder when 7 is divided by y?
3
Suppose -3*p - 2 = -4*v, -3*v = -2*p - 0 - 2. What is the remainder when 26 is divided by 9/(p + -3 + 2)?
8
Suppose 2 = -i + 2*u - 1, 4*u + 72 = -4*i. Let q = i - -33. Calculate the remainder when q is divided by 11.
9
Let i = 8 - 13. Let d(y) = -2 + 8*y**3 - 16*y**3 + 9*y**3 + 5*y**2 - y. What is the remainder when 7 is divided by d(i)?
1
Let q = -118 + 215. What is the remainder when q is divided by 25?
22
Let j = 12 - -2. Let z = -4 - -3. Calculate the remainder when j is divided by 3 - -1 - (0 + z).
4
Suppose 5*f - n - 72 = 0, 3*f + 2*n - 27 - 11 = 0. What is the remainder when 40 is divided by f?
12
Let c = 56 + -48. Calculate the remainder when 14 is divided by c.
6
Suppose -4*d = -u - 34, -u + 9 = d + 3. Let v(r) = -r**2 + 8*r + 8. What is the remainder when v(7) is divided by d?
7
Suppose -21*p + 17*p + 516 = 0. Calculate the remainder when p is divided by 26.
25
Suppose 4*x - 84 = 4*o, 105 = 5*x + 4*o + 9. Suppose -r - 3*z + 35 = -z, -4*r + 130 = -2*z. What is the remainder when x is divided by (-2)/(0 + (-6)/r)?
9
Let u(w) = -w - 2. Let g be u(4). Calculate the remainder when 84/(-18)*g/4 is divided by 3.
1
What is the remainder when (-3 + 6)*(0 - -18) is divided by 14?
12
Let w(b) = b**2 + 4*b + 8. Let d(s) = 5*s**2 + 20*s + 41. Let x(v) = -2*d(v) + 11*w(v). Calculate the remainder when 15 is divided by x(-4).
3
Suppose -2*y = -4*h - 70, -3*y + 4*h = 3*h - 95. What is the remainder when y is divided by 18?
13
Let g(v) = -2*v**3 + v**2 + 4*v - 1. Suppose 0 = -2*y + 4*r - 2*r + 32, -4*y = r - 49. Calculate the remainder when g(-3) is divided by y.
11
Let g = 9 - -5. What is the remainder when 25 is divided by g?
11
Let m be (-96)/60*(-10)/(-4). Let s(i) = -3*i. Calculate the remainder when 47 is divided by s(m).
11
Let a(w) = -17*w + 6. What is the remainder when 225 is divided by a(-3)?
54
Suppose 0 = -5*b - 0*b - 2*l + 106, 2*b + 3*l = 38. Let r = 0 + 1. Let h(p) = 8*p**3 + p - 1. What is the remainder when b is divided by h(r)?
6
Suppose -3*f = 3*t - 135, t - 21 - 21 = 2*f. Calculate the remainder when t is divided by 23.
21
Let n(z) = 9*z - 1. Calculate the remainder when 31 is divided by n(1).
7
Suppose 0 = 4*v - 5*b + 2, 4*b - 4 = -v + 3*b. Suppose v*k + 2*k - 20 = 0. What is the remainder when 13 is divided by k?
3
Let c be (6/(-12))/(2/(-4)). Let h(b) = 0*b**2 - c + 3*b**2 - 2*b**2 + b**2. Calculate the remainder when 32 is divided by h(-3).
15
Suppose 0 = 2*b - 2 - 100. What is the remainder when b is divided by 27?
24
Suppose 0 = 7*o - 383 - 156. What is the remainder when o is divided by 27?
23
Suppose -3*x + 7 = -n, -2*x + 4 = -6*n + 5*n. Calculate the remainder when n*(-3 + 4) - -63 is divided by 22.
21
Let k(j) = -3*j + 6*j - 8 - 2*j. Calculate the remainder when 4 is divided by k(10).
0
Suppose 3*m = 6*m - 6. Suppose 0 = -4*u + 6 + 18. What is the remainder when u is divided by m?
0
Suppose 233 = 5*a - 2*m, -2*a + m + 93 = -0*m. What is the remainder when a is divided by 12?
11
Suppose 77 = 5*k + 4*z - 8, 0 = 2*k + 5*z - 51. What is the remainder when k is divided by 8?
5
Let x(g) = -g**3 + 6*g**2 + 6. What is the remainder when x(3) is divided by 17?
16
Suppose 0 = -2*d - 1 + 7. Suppose -24 - 4 = -4*j. Let l = j - 3. Calculate the remainder when l is divided by d.
1
Calculate the remainder when 71 is divided by (-3)/1 + (2 - -7 - 0).
5
Suppose -5 = r - 2*r. Suppose 5*s - 2*w + 13 = 0, -s - 4*s + r*w = 25. What is the remainder when s - -1*46/2 is divided by 12?
10
Let g = -132 - -225. What is the remainder when g is divided by 16?
